Suppose -m*c + 60 = -160*c. What is the highest common factor of 1050 and c?
15
Let q(o) = -o**2 - 124*o - 2536. Let u be q(-26). Calculate the greatest common divisor of 484 and u.
4
Let x be 148*(-8)/24*(-30)/4. Suppose 3*y + 3*m - 336 = 0, m - x - 198 = -5*y. Let j = 113 - 56. Calculate the highest common factor of y and j.
57
Let c(y) = -3*y - 7. Let x be c(-3). Suppose x = -q + 3*q. Let i be ((-6)/(-7))/(q/(28/2)). What is the greatest common divisor of 60 and i?
12
Suppose 9*b - 948 = 3*b. Let u = 143 - -94. Calculate the greatest common factor of u and b.
79
Let f be 6*(224/4)/14. Calculate the highest common factor of 380 and f.
4
Let c be ((-15)/3)/((-10)/280*2). What is the greatest common divisor of 2590 and c?
70
Let g be ((-4)/26 - ((-1060)/130 - -2)) + 1499. Calculate the highest common factor of g and 70.
35
Let t = 240 - -105. Let r = -317 + t. Calculate the highest common factor of r and 8.
4
Let i = -15295 - -16893. What is the highest common divisor of 1222 and i?
94
Let c be (-118640)/(-200) + 8/10. Calculate the highest common factor of c and 42.
6
Let w = 13613 - 13568. What is the greatest common divisor of w and 4545?
45
Let s(c) = -c**3 - 9*c**2 + 7*c + 21. Let b be s(-12). Let u = b - -96. What is the greatest common divisor of u and 15?
15
Let t be (-10)/4 + 675/54 - -2294. Calculate the greatest common factor of 416 and t.
32
Let w be -6*13/(-104) - (-143235)/12. Calculate the greatest common divisor of w and 69.
69
Let v(w) = 28*w + 60. Let p be v(-2). Suppose p*j + y = 129, -2*j - 8*y + 3*y = -51. Calculate the highest common factor of j and 18.
3
Suppose 2*l - 9 = 3*l + 2*r, -2*l + 5*r = -27. Suppose 4*y - 4*t + 14 = 90, -y - 3*t - l = 0. What is the highest common factor of 7 and y?
7
Let f = -244 - -309. What is the greatest common divisor of f and 104?
13
Let a be (1*(-2 + -5))/((-1)/(-1)). Let k be 3 + -5 - (a - 13). What is the highest common factor of k and 54?
18
Suppose -3*j + 5*z + 27 = -0*z, 0 = 5*j + z - 17. Suppose -31*y + 381 = 40. What is the greatest common factor of j and y?
1
Let b = 24811 - 24703. What is the highest common divisor of 5664 and b?
12
Let m(a) = a**3 - 46*a**2 - 628*a + 141. Let u be m(57). Calculate the highest common divisor of u and 392.
28
Suppose -5*r - 2*j + 0*j = -792, -j + 796 = 5*r. Let k be 204/21 + 5/(140/8). Calculate the greatest common factor of k and r.
10
Let m be 4 + 5 + -4 + 4. Let l be (54/12)/m*126. What is the highest common factor of l and 84?
21
Suppose -5*g - 106 = -406. Suppose j - 3*p - 48 + 153 = 0, 310 = -3*j + 4*p. Let d = j + 114. Calculate the greatest common divisor of g and d.
12
Let w(j) be the first derivative of j**3/3 - 6*j**2 - 85*j - 68. Let t be w(21). Calculate the highest common divisor of 8 and t.
8
Let r(g) = g**3 - 5*g**2 + 9*g - 42. Let v be r(5). Calculate the greatest common factor of 891 and v.
3
Let v = 13076 - 11399. What is the highest common factor of 4386 and v?
129
Let m = 1571 - -257. Calculate the highest common divisor of m and 28.
4
Let k be 1/(4*5/(-80)). Let f be (k - -20)*(-2)/(-4). What is the highest common factor of 344 and f?
8
Suppose 4*z - 1398 + 4445 = 3*a, -z + 5132 = 5*a. Calculate the highest common divisor of 1230 and a.
205
Let h(k) = 33*k - 22. Let i be h(4). Let f = i + -103. Calculate the greatest common factor of 91 and f.
7
Let v be 515/15 + 2/3. Suppose -4*u + 6719 = t, -u = -2*t - 1688 + 6. Suppose 2*q = 18*q - u. Calculate the greatest common divisor of v and q.
35
Let g(x) = 6360*x**2 + 77 - 5 + 17*x - 6359*x**2. Let z be g(-5). What is the highest common factor of 39 and z?
3
Suppose -5*j = -16 + 1, -4*w + 4*j + 2580 = 0. Suppose -72*x + 73*x = w. What is the greatest common factor of x and 81?
81
Let u be (-36)/16*-2*8/(-12). Let n(r) = -150*r - 153. Let d be n(u). What is the highest common factor of 44 and d?
11
Let z = 49 + 76. Let f(b) = 2366*b + 47345. Let p be f(-20). Calculate the highest common divisor of z and p.
25
Let h be 5 + (24/(-6))/4. Suppose -h*f + 3*n = -67, 0 = f - n - n - 13. What is the greatest common divisor of f and 95?
19
Let n(x) = 4*x + 19*x**2 - 3*x**2 - 6705 + 6702. Let h be n(1). What is the greatest common factor of h and 323?
17
Let a = 240 + -247. Let c be (a - 142/(-10))/(2/5). What is the highest common divisor of c and 522?
18
Suppose -5122 + 3176 = -30*n + 7654. What is the highest common factor of 370 and n?
10
Let b(w) = 14*w**2 + 112*w + 2. Let j = 102 - 110. Let k be b(j). What is the highest common factor of 34 and k?
2
Suppose 5*f - 156 = 199. Let q = -42 + f. Let y = -5 + q. Calculate the greatest common factor of 264 and y.
24
Suppose -3*w - 2130 = -2*s - 5*w, 3*s - w = 3167. Calculate the greatest common factor of s and 161.
23
Let o = 655 - 313. Suppose -4*n + 462 = -x, 0*x = 3*n - 3*x - o. What is the highest common divisor of n and 58?
58
Suppose p = 4*r - 19377, -2*r + p = 6*p - 9661. Calculate the greatest common divisor of r and 29.
29
Suppose -2*f = 33 - 19. Let b be (1 - -3)/(f/(-35)). What is the greatest common divisor of 15 and b?
5
Let h be (4818/198)/(1/3). Suppose -3*f = -w - h, -5*w - 78 = -5*f + 27. Calculate the highest common divisor of f and 65.
13
Suppose j - 5*v = 491, -j + v = -0*j - 487. Suppose 9*o - 5*o - 36 = 4*b, 4*o - b = 63. What is the highest common factor of o and j?
18
Suppose -6*h = h - 105. Suppose 70 = -3*f + 8*f. Suppose -h*n = -16*n + f. What is the highest common divisor of 14 and n?
14
Suppose 330 = 59*w - 108*w + 52*w. What is the greatest common factor of 470 and w?
10
Let l(x) = 9*x**3 + 263*x**2 + 64*x + 204. Let u be l(-29). Suppose 2*k = 4*o - 310, -4*o - 2*k + 245 + 45 = 0. What is the greatest common divisor of o and u?
15
Suppose 70*l - 55*l = 450. Calculate the greatest common divisor of l and 1410.
30
Suppose -5*o = -7*k + 4*k + 4331, -2*k + 2882 = 2*o. What is the greatest common divisor of k and 2678?
206
Suppose -349*v = -351*v + 3*d + 92, 3*v - 5*d = 138. Calculate the greatest common factor of 2645 and v.
23
Let r(w) = 140 - 2*w - 4*w - 38 - 5*w. Let g be r(8). Suppose -3*f = 3*l - 87, 0 = -2*f - 3*l + 31 + 28. What is the greatest common divisor of f and g?
14
Suppose -55560 = -34*q + 14*q + 15700. Calculate the highest common factor of 7 and q.
7
Let v be ((-21)/5)/(1/(-5)). Suppose -463*t + 5626 = 6011 - 19831. Calculate the highest common factor of v and t.
21
Let f(k) = -4*k**2 + 644*k - 488. Let r be f(159). Calculate the highest common divisor of r and 2296.
56
Let r = 6152 + -6111. Calculate the greatest common factor of r and 41.
41
Let p(f) be the first derivative of -4*f**2 + 4*f - 15 - 26*f**2 - 5*f**2. Let a be p(-2). Calculate the highest common divisor of 36 and a.
36
Let w(c) = c**2 - 2*c + 3. Let k be w(0). Suppose 5*b = 4*a - 3*a - 128, -k*b + 5*a = 68. Let x = b - -38. Calculate the highest common divisor of 18 and x.
6
Let r be ((-56)/21)/((-2)/99). Let l = -8 - -11. Suppose 3*o - 3*i = 165, -r = -l*o - 5*i + 49. Calculate the highest common factor of o and 38.
19
Let l = 7758 - 7698. Calculate the highest common factor of 432 and l.
12
Suppose x + 4897 = 4*b, 2*x - 773 + 1999 = b. What is the highest common divisor of 1800 and b?
72
Let r = -131 + -8. Let i = 198 + -301. Let q = i - r. Calculate the greatest common factor of 4 and q.
4
Let l be (632/(-12) + 2)*-3. Let n be 6/(((-1)/38)/((-90)/108)). What is the highest common divisor of n and l?
38
Let f = -1309 + 2217. Let g = f - 516. Calculate the highest common divisor of g and 112.
56
Let d(r) = -3*r**2 - 9*r - 27*r**3 + 29*r**3 + 4*r. Let y be d(4). Suppose 5*g + 0 = y. What is the greatest common factor of 6 and g?
6
Let f(r) = 48*r - 1906. Let k be f(54). Calculate the highest common factor of 14 and k.
14
Let t be (5 + -7 - 0) + (3168 - -2). Let v = -1890 + t. Calculate the greatest common divisor of v and 18.
18
Suppose -766*r - 72576 = -793*r. What is the highest common factor of 42 and r?
42
Let b(r) = 69*r**2 + 322*r - 37. Let o be b(-5). What is the greatest common divisor of 744 and o?
6
Let s be (-22)/(-4) - (-3)/(-2). Let h be (-2)/s + (-513)/18. Let n = 41 + h. What is the greatest common divisor of 60 and n?
12
Suppose 17*i - 11 = 312. Let x be (-2395)/(-6) + i/(-114). Calculate the highest common divis